 b**6/120 + b**5/60 - b**4/12 - b**3/3 - 6*b**2. Calculate w(-2).
-2
Let j(l) = 2*l**3 - l**3 - l - 4 + 4*l**2 + 0*l**3 - 2*l. Calculate j(-5).
-14
Let x(r) be the first derivative of r**4/4 - 7*r**3/3 - 7*r**2/2 + r + 9. Give x(8).
9
Let n(z) = z**2 + 7*z + 2. Suppose 21*q + 14 = 19*q. Give n(q).
2
Let k(g) = -g**2 + 14*g - 4. Let j(w) = w. Let z(o) = -6*j(o) + k(o). Determine z(8).
-4
Let v(w) be the second derivative of 3*w**4/4 + w**2/2 - 40*w. Calculate v(1).
10
Let n(c) = c**3 - 6*c**2 + 2*c + 7. Let w(p) = -p**3 + 5*p**2 - 4*p - 1. Let s be (1/3)/(3/45). Let r = -2 + s. Let l be w(r). What is n(l)?
-8
Suppose 4*p - 3 - 1 = 0. Suppose -p = -2*b - 5. Let m = b + -3. Let h(q) = -q + 1. Give h(m).
6
Let q(i) = i**3 - 3*i**2 - 5*i - 2. Let x be 3 - ((-1 + 2)*-1 + 0). Give q(x).
-6
Suppose 6*r = 8*r - 3*s, 4*r + 5*s = -22. Let n(t) = t**3 + 2*t**2 - t + 4. Calculate n(r).
-2
Let t(y) be the third derivative of 0*y - 7*y**2 + 4/3*y**3 - 1/60*y**5 + 0 - 1/24*y**4. Suppose 0 = -5*b + b. Give t(b).
8
Suppose -5*w + 23 = 33. Let p(o) = -2*o**3 - 4*o**2 - o + 2. Determine p(w).
4
Let o(p) = -7*p - 4. Let n(r) = -15*r - 9. Let x(a) = 4*n(a) - 9*o(a). What is x(2)?
6
Let q(i) = -i**2 - 3*i + 3. Let j(t) = t + 9. Let l be j(0). Let a = l + -13. Calculate q(a).
-1
Let q(y) = -6*y + 3*y - y**3 + 3*y - 6. Let c be 2/(-1) - (-3 - -1). What is q(c)?
-6
Let i be 3 + -2 - (-3 + 1). Let s(t) = -i + 3*t - t - 3. Suppose 0*v + v + 13 = 2*p, 4*v + 12 = -2*p. Calculate s(p).
2
Suppose -3*b - 41 = -0*b - 4*c, 4*b - c = -46. Let a(f) = f - 10. Let j(l) = 6*l - 51. Let s(v) = b*a(v) + 2*j(v). Let y be (0 + (-1)/2)*8. Determine s(y).
4
Let q(s) = -4*s - 3. Let j be -9*1*(-2)/6. Suppose -k = j*p + 12, 24 = -3*k - 4*p - p. Calculate q(k).
9
Let n(d) be the third derivative of 0*d - d**3 + 4*d**2 + 0 + 1/8*d**4. Let u be 2 - (2 + 0) - -4. Determine n(u).
6
Let a(p) be the second derivative of -p**5/20 - p**4/6 + p**3/6 - p**2 + 24*p. Calculate a(-3).
4
Let j(a) = a**2 - 8 + 3*a + 2*a - 4*a. Let q(g) = -g**3 - 8*g**2 - 10*g - 1. Let p be q(-7). Suppose x + 10 = -4*t - x, -4*x - p = 0. Give j(t).
-8
Suppose -4*m + 30 = -14. Let i = m + -6. Let g(c) = -c - 1. Determine g(i).
-6
Let k be (-1)/5 - 11/(-5). Let t(r) = r**3 - r**2 + r. Let h(x) = x**2 - x + 1. Let n(a) = -h(a) + t(a). Determine n(k).
3
Let o(r) be the third derivative of 0*r + 0 + 3*r**2 + 7/24*r**4 + 1/3*r**3. What is o(-2)?
-12
Let q(d) = -2*d + 1. Let v = -31 - -28. Calculate q(v).
7
Let n = 48 + 1. Let p(y) = -4*y + 50 + 0*y - n. What is p(-2)?
9
Suppose 0*q + 16 = -4*q. Let z(s) = -2 + 0 - 7*s + 3*s**2 + 3*s + s**3. Calculate z(q).
-2
Let x(t) be the third derivative of t**4/24 - 7*t**3/6 + 2*t**2. Let i(b) = -11*b + 1. Let z be i(-1). Suppose 0 = 2*h + h - z. What is x(h)?
-3
Let j(h) = h + 7. Let z be j(-6). Let w = z + 0. Let v be 3 - ((-1 - w) + 3). Let a(u) = u**3 - 3*u**2 + u - 1. Calculate a(v).
-3
Let k(t) = -t**2 - 7*t. Let q be 3/((-2)/(40/12)). Calculate k(q).
10
Suppose 0 = -f - 17*f - 144. Let z(y) = 2*y - 1. Determine z(f).
-17
Let h be 3 - ((-54)/13 - (-6)/39). Let t(w) = w**3 - 7*w**2 - 9. Determine t(h).
-9
Suppose -5*v + 4*u - 37 = u, -v - 5*u + 15 = 0. Suppose 8 = 2*g + 2. Let l(n) = g + 3 + 0 + 2*n. What is l(v)?
-4
Let o(b) = -2*b**3 - b**2 + b - 1. Suppose -4*h = h - 30. Suppose -5*m = -m + r - h, 0 = 4*m - 2*r. What is o(m)?
-3
Let g = 11 + -7. Let a(l) be the first derivative of 4/3*l**3 - 1 + 0*l - 1/2*l**2 + 1/4*l**g. Determine a(-4).
4
Suppose 4*v + 3*c - 22 = 4, 4*v - 12 = 4*c. Let w(h) = -2*h**3 + 2 + 4*h + 3*h**3 + v*h**2 + 0*h**2 - h**2. Let b(a) = a + 4. Let d be b(-6). Give w(d).
2
Suppose -5 - 3 = -4*k. Let s(i) = -2*i - i**k + 6 - 7 + 0*i + 7*i. Give s(5).
-1
Let f(a) = -a**3 - 5*a**2 + 3*a + 7. Let b be f(-5). Let k(i) = -i**2 - 7*i + 11. Calculate k(b).
3
Suppose 2*g = 2*c - 15 - 1, c + 2*g = -1. Suppose c*u = 4*p - 41, 2*p + 0 = -2*u - 2. Let s(q) = -q**3 - 5*q**2 + q + 1. Give s(u).
-4
Let x(p) = p**2 - 6*p + 3. Suppose 2*m - 12 = -0. Let b = 13 - m. Let l(c) = -c + 11. Let w be l(b). Determine x(w).
-5
Let u(o) = -4*o**3 - 3*o**2 - 4*o + 3. Let a(c) = 3*c**3 + 2*c**2 + 3*c - 3. Let x(p) = 3*a(p) + 2*u(p). Determine x(0).
-3
Let h(a) = -9*a - 5. Let r(k) = -4*k - 2. Let u(g) = -6*h(g) + 14*r(g). Determine u(6).
-10
Let j = 18 - 17. Suppose -15 = -4*a + i, 3*i - 16 = -j. Let l(p) = -p + 8. Calculate l(a).
3
Suppose 15*z - 13*z = 4. Let i(j) = -2*j**2 + j + 2. What is i(z)?
-4
Let q(c) = -c**3 + 11*c**2 - c + 13. Let a be q(11). Let h = 2 + a. Let w(o) = -o**2 + 5*o + 3. What is w(h)?
7
Let i(s) = -6*s. Let g(p) = p**2 - 17*p. Let a(b) = 6*g(b) - 17*i(b). Let q be -2*(0 - -1) + 3. Suppose 3*l - q = 2. Calculate a(l).
6
Let m(t) = -46*t**2 - 11*t**3 + 29*t**2 + 19*t**2 - t. Calculate m(1).
-10
Suppose -18 = 4*c - 7*c. Let b(y) be the third derivative of -y**5/60 + 7*y**4/24 - 5*y**3/6 + 3*y**2 + 18*y. What is b(c)?
1
Let o(r) = -4*r - 11. Let c(f) = 2*f + 5. Let u(n) = -5*c(n) - 2*o(n). Let p = 3 - 6. Calculate u(p).
3
Let a be (3 + -2)/((-2)/(-10)). Let p(v) = 3*v - v - 7 + 0*v. Calculate p(a).
3
Let q(x) = x**3 + 7*x**2 - x - 6. Let o = -124 - -117. Calculate q(o).
1
Let g(o) = -4*o**2 - 8*o**3 + 3 - 9*o + 14*o**2 + 5*o**3 + 2*o**3. Determine g(9).
3
Let k(q) be the second derivative of -q**4/12 + q**3/2 + 3*q**2/2 - 12*q. Calculate k(-2).
-7
Let k(f) = 2*f**3 - 2*f**2 - 2*f - 1. Suppose 0 = 3*t + 2*t - 15. Suppose 2*m - 5 + t = 0. Let n be m + (-2)/2 + -1. Give k(n).
-3
Let n(m) = m**2 + 5*m + 1. Let z(h) = -h**2 - 5*h. Let a(o) = -3*n(o) - 2*z(o). Let u = -1 + -5. Determine a(u).
-9
Let i be (9 + -8)*12/3. Let q(g) = g**3 - 3*g**2 - 2*g + 1. Give q(i).
9
Suppose -8 = -m - 3. Let n(t) = 4*t + 5. Let u(l) = -3*l - 4. Let c(s) = -4*n(s) - 5*u(s). Determine c(m).
-5
Let h(b) = b - 2. Let w be h(3). Let n(f) be the third derivative of 0 + 1/6*f**3 - 3*f**2 + 7/120*f**6 + 1/60*f**5 + 0*f - 1/12*f**4. Give n(w).
7
Let d(n) = -8*n**3 + 18*n**2 + 17. Let u(y) = 3*y**3 - 6*y**2 - 6. Let a(q) = -4*d(q) - 11*u(q). What is a(-6)?
-2
Let f(u) = -2*u - 23. Let o be f(-12). Let c(b) = -6*b**3 + b**2 - b. What is c(o)?
-6
Let r be (-6)/15 - (-34)/10. Let c be 2/1 + r + -2. Let q be (18/c)/3 - 0. Let o(m) = 5*m - 3. Calculate o(q).
7
Let o(z) = z**2 - z. Let i = 2 + -3. Let k(t) = 4*t**2 - 4*t - 7. Let y(j) = i*k(j) + 3*o(j). Give y(0).
7
Let q(f) = -f**3 + 3*f**2 - f. Suppose -4*b - 2 = 2. Let m be 2 - b - (-2 + 0). Suppose 5*k + 10 = -m*h, -2*h + 3*k = -0*k - 16. Calculate q(h).
2
Let a = -8 - -11. Let x(k) = 5*k**a + 1 + 0 + 2*k**2 + 0*k + 0 - 2*k. Give x(1).
6
Let s = -39 + 23. Let m = s + 18. Let f(p) = -6*p. Give f(m).
-12
Let d be (-4)/(-1) - 380/96. Let q(o) be the third derivative of 0 + d*o**4 + 1/2*o**3 - 2*o**2 + 0*o. Calculate q(-5).
-2
Let f(a) = 2*a - 21. Let q be f(10). Let w(p) = 14*p**2 + p + 1. Give w(q).
14
Let w(j) = 7*j**2 + 3*j. Let k(f) = f**3 - f**2 + f. Let p(z) = -k(z) - w(z). Suppose -g + 5*g + 44 = 0. Let i = -16 - g. Calculate p(i).
-5
Let h(b) = 2*b - 17 + 18 - 10*b. Let t(x) = 24*x - 3. Let m(l) = -7*h(l) - 2*t(l). Calculate m(1).
7
Let t(g) = -2*g**2 + 14 + 3*g**2 - 2*g - 10 - g. Let h be (-2)/2 + 0/2. Let q be 3 + (-3 - -2)/h. What is t(q)?
8
Let s(l) = 2*l**2 + 5*l + 1. Let b(k) = 5*k**2 + 15*k + 3. Let i(o) = 3*b(o) - 8*s(o). Let n = 152 - 148. Calculate i(n).
5
Let t(o) = -3*o**2 + 2*o - 1. Suppose -6*d = -d - 5. Let f be d/3 + (-5)/(-3). Determine t(f).
-9
Let k(w) = -2*w + 6. Suppose -5 = l + c, l + 15 = -2*c - c. Suppose 5*t - 14 - 16 = l. Calculate k(t).
-6
Let d(b) be the first derivative of 1/40*b**5 - 1/12*b**4 + 0*b**2 + 3 - b**3 + 0*b. Let y(p) be the third derivative of d(p). What is y(-2)?
-8
Let c(t) = t**2 + 8*t + 2. Let q be (4 - -2)*1/(-2). Give c(q).
-13
Let h = 20 - 17. Let y(x) = -2*x**2 + 5*x - 4. What is y(h)?
-7
Let f(p) = 3*p + 56. Let g be f(-17). Let k(s) = -s**2 + 2*s. Give k(g).
-15
Let o(l) = -4*l**2 + 38*l**3 - 4*l - 18*l**3 - 2 - 21*l**3. Let d(h) = -h**2 + 3*h + 7. Let c be d(5). Give o(c).
1
Let b(s) = -s**2 + 3*s - 1. Let a(y) = -3*y - 14. Let v be a(-6). Calculate b(v).
-5
Suppose 2 = -3*t - 1. Let w(s) = 13*s**2 - s + 2. Let l(n) = 7*n**2 - n + 1. Suppose 16 = 2*k + 10. Let b(d) = k*w(d) - 5*l(d). What is b(t